. Suppose i = 2*x - 595. What is the units digit of x?
4
Let k(p) = p**3 - 9*p**2 - 10*p + 10. Let z be k(10). Let n be 2/(3/(585/z)). Let b = n - -35. What is the tens digit of b?
7
Let w(x) = 2050*x**2 + 1195*x + 2393. What is the tens digit of w(-2)?
0
Let j = 20895 + -10604. What is the hundreds digit of j?
2
Suppose 2*y + 21227 = f, 4*y + 942 = 914. What is the thousands digit of f?
1
Let y(k) = -2*k - 36. Let o be y(0). Let i be (-72)/126 + o/(-14). Suppose -3*w - 5*q + 10 + 200 = 0, i*w = -q + 140. What is the tens digit of w?
7
Let n(m) = 7*m + 175. Let r be n(-21). What is the hundreds digit of (-4)/(-7) + 20844/r?
7
What is the units digit of 75125/15 + (-290)/87?
5
Let g = -91 - -288. Suppose g*j - 190*j = 2800. What is the tens digit of j?
0
Let p = -25785 - -30221. What is the thousands digit of p?
4
Let m(i) = 2*i**3 - 4*i**2 - 6*i + 3. Let y = 24 - 21. Suppose 5*s - 11 = 2*s + 2*l, 3*s + y*l = 21. What is the tens digit of m(s)?
2
Let x = 8506 - 2378. What is the hundreds digit of x?
1
Suppose 6*y - 255 = y. Let x = y - 47. Suppose -3*f + 447 = 5*w, -x*f + 283 = 3*w + 6. What is the tens digit of w?
8
Suppose -8*a = -7*a - 35. Let b = -32 + a. What is the units digit of -84*(-1 + -3)/2 - b?
5
Let m be (77/21 - 5)*(-6)/(-4). What is the tens digit of (-8)/m + 0 - (-511 - -1)?
1
Let c = -21869 + 43039. What is the tens digit of c?
7
Let i(n) = 5*n**3 - 36*n**2 - 2*n + 139. What is the ten thousands digit of i(17)?
1
Let q be 39/(-52)*(15/(-9) + -1). Suppose 19 = q*n - 5*k + 4, 27 = n + 4*k. What is the tens digit of n?
1
Let g = -108 + 104. What is the units digit of 260/(-16)*3*g/3?
5
Suppose 8*s = n + 11*s - 68, -272 = -4*n - 5*s. Suppose -n*p + 65*p = -2550. What is the tens digit of p?
5
Let j(l) = l**3 - 2*l**2 - 4*l + 6. Let q be j(2). Let z be q*(-337)/2 + (-3 - -1). Suppose 120 = -v + z. What is the hundreds digit of v?
2
Let r = 177 - 112. Let l = 71 - r. Suppose 4*h = l + 298. What is the units digit of h?
6
Suppose 14*u = -10*u - 5*u. Suppose u = -16*w + 5159 + 4457. What is the units digit of w?
1
Let m(q) = -9 - 2*q + 2 + 12*q**2 + 6. Let d be m(-3). Let a = 114 - d. What is the units digit of a?
1
Let x be 1/((-66)/(-24) + -3). Let r = x - -31. What is the units digit of r?
7
Suppose 0 = -g - 4*p + 1022, 0*p - 3*p = -2*g + 2088. Suppose -g = -9*l + 1779. What is the hundreds digit of l?
3
Let w be 2/(-7) - 232/(-28). Let l = -1435 + 1438. Suppose 0 = -w*s + l*s + 310. What is the tens digit of s?
6
What is the units digit of 8*((-85722)/(-56) - 18)?
2
Let m(q) = 3*q**2 + 35*q + 107. Let v be m(-7). Suppose 0*c + v*c - 3087 = 0. What is the tens digit of c?
4
Suppose -109*k + 30310 = -107*k. Suppose -43*i = -69894 + k. What is the hundreds digit of i?
2
Let j(t) = -3*t - 6. Let q be j(-3). Suppose 0 = q*o - 2 - 7. Suppose b - 151 = m, -o*b - 2*m + 755 = 2*b. What is the hundreds digit of b?
1
Suppose 2790 = -4*p + 10*p. Suppose 2*s + 5*a = p, s - 2*a = 41 + 196. What is the tens digit of s?
3
Let v(a) = 16*a**3 + 2*a**3 + 4*a**2 - 19*a**3 + 13. Suppose 0 = 3*p - p - 8. What is the units digit of v(p)?
3
Suppose 5*r - 14 = c, -2*r - 15 = 4*c - 3. What is the tens digit of (27/81)/(r/2604)?
3
Let k be 6/27 - (3 - 76/(-18)). Let m be (78/(-7))/(1/k - 0). What is the units digit of m - (-4 + (6 - -2))?
4
What is the hundreds digit of -1197*(-40 + 36)/((-12)/(-74))?
5
Let u(j) = -j - 189 + 7*j - 89. Let p be u(0). Let o = p - -480. What is the tens digit of o?
0
Suppose l + 2*j = 2990, -3*j = -5 - 7. Suppose -8*y = -y - l. What is the tens digit of y?
2
Let u(v) = 277*v**3 - 12*v - 10. What is the units digit of u(5)?
5
Suppose 9163 = 14*x + 34*x - 3749. What is the units digit of x?
9
Suppose 0 = 73*z + 270744 - 1940984. What is the hundreds digit of z?
8
Suppose -4*r - 5031 = 401. Let t = r - -2271. Suppose 2838 - t = 7*d. What is the hundreds digit of d?
2
Let o(t) = -16015*t + 65. What is the thousands digit of o(-1)?
6
Let v be -1*(4 + -7 - (2 - 0)). Suppose -9 = -v*o + 306. What is the tens digit of o?
6
Let b(n) = 1155*n + 1268. What is the thousands digit of b(12)?
5
Let v(x) = 45*x - 53. Let h be v(1). Let q(g) = 15*g**2 + 28*g + 89. What is the tens digit of q(h)?
2
What is the hundreds digit of (-1178730)/(-280) + 2/8?
2
Suppose 214*x + 4*x - 50048 = 34*x. What is the units digit of x?
2
Let k = 242 + -263. What is the tens digit of 2 + 5420/12 + (-7)/k?
5
Let o(a) = -30*a**3 - 2*a**2 - 2*a. Let t be o(2). Let h = 501 - t. What is the hundreds digit of h?
7
Let t be 21/(-6)*(-24)/21. Suppose -3*q + 3*h = -885, 2*h - 644 - 524 = -t*q. What is the units digit of q?
3
Suppose -x + 195 - 177 = 0. What is the units digit of 311*(-12)/x*(-6)/4?
1
Let s(v) = 5926*v**3 - 7*v**2 + 7*v - 2. Let r be s(1). Suppose -5*w - 6*b + 7450 = -2*b, -4*b - r = -4*w. What is the tens digit of w?
8
Suppose -10 = -5*o + 5*c, 8*o + 2*c = 3*o - 25. What is the hundreds digit of ((-1757)/21)/(4/12)*o?
7
Let o = -12284 + 30446. What is the hundreds digit of o?
1
Suppose 3*l = 38 - 5. Let s = l + -14. What is the tens digit of (-1)/(s/12) + 73?
7
Let s(f) = f**2 + 5*f - 7. Let w be s(-8). Let x = 19 + w. What is the units digit of x?
6
Let p(m) = -3*m**2 - 25*m + 8. Let z(l) = 4*l**2 + 26*l - 9. Let b(f) = 3*p(f) + 2*z(f). Suppose -12*i = 2 + 58. What is the tens digit of b(i)?
9
Let u(y) = 114*y - 137. What is the thousands digit of u(95)?
0
Let n = 126 - 142. Let k(d) = d**2 - 6*d - 73. What is the hundreds digit of k(n)?
2
Suppose -5*j + 246 = 4*c, 98 = 4*j - 2*j + 2*c. Suppose 0 = -10*u + 15*u + j. Let x(t) = -t**2 - 21*t - 4. What is the hundreds digit of x(u)?
1
Let l(d) = -9 - 10 + 11*d + 64 - 21 - 19. Suppose 0*a - 10 = -2*p - a, -5*a = 0. What is the units digit of l(p)?
0
Let p(z) = 75*z**3 + 47*z**2 - 156*z + 6. What is the tens digit of p(3)?
8
Let m = -70 + 359. Let x = 431 - m. What is the hundreds digit of x?
1
Let u be (0 - -4) + (-100 - 7). Let h = u - -60. Let a = h + 81. What is the units digit of a?
8
Let w(i) = 69*i + 185. Let c = -633 - -648. What is the tens digit of w(c)?
2
Suppose 0 = 3*k + 3*a - 321, 10*a + 8 = 14*a. Suppose -4*w = 3*c - 6, w + c - 2 = -2*w. Suppose -5*z + 370 - k = w. What is the tens digit of z?
5
Let o(n) = 2 + 3*n**2 - 40*n**3 - 5 + 41*n**3 + 2*n**2. Let t be o(-8). Let j = t - -317. What is the hundreds digit of j?
1
What is the thousands digit of 2590/925*10045/2?
4
Suppose 2076 = 25*r - 19*r. Suppose 5*x = r - 96. Let v = -17 + x. What is the units digit of v?
3
What is the thousands digit of (-37621)/(-8) + (-561)/(-1496)?
4
Let z be (5 + -8)/(-1 - -2). What is the units digit of (-5 + (-148)/3)*z?
3
Let w(y) = 2*y**2 + 10*y - 5. Suppose 3 = 15*p - 42. Let q(r) = -4*r**2 - 21*r + 10. Let b(j) = p*q(j) + 7*w(j). What is the units digit of b(5)?
0
Suppose -12*j = -1 + 1. Suppose -m - 5*q = 10, 4*m + q + 3*q - 8 = j. Suppose -3 = -m*b - 18, -119 = -h - 2*b. What is the hundreds digit of h?
1
Let p(q) = 4*q**3 - 3*q**2 + 4*q + 4. Let z be (1 - 1*-2)*(6 - 5). Let h be 12/(-6)*z/(-2). What is the units digit of p(h)?
7
Let c(s) = 12*s**2 - 44*s - 90. What is the units digit of c(-15)?
0
Let j(d) = d**2 + 15*d - 10. Let o be j(-12). Suppose 0 = -2*t + 4*s - 212, 4*t - 4*s = -0*t - 420. Let z = o - t. What is the units digit of z?
8
Suppose -24*m = -8*m - 32. Suppose 0 = -n - 4*t + 261, -276 = -n - 3*t + m*t. What is the tens digit of n?
8
Suppose -148869 = -58*i + 225811. What is the thousands digit of i?
6
Suppose 0 = -4*n - 14 + 18. What is the hundreds digit of -4 - 6890/(-60) - n/(-6)?
1
Let c(x) = 14*x + 103. Let o(t) = -19*t - 104. Let k(m) = 3*c(m) + 4*o(m). What is the units digit of k(-33)?
5
Let p = 39141 - 14975. What is the hundreds digit of p?
1
Let n = 240 + -108. Suppose -8*t + 12*t = n. What is the units digit of t?
3
Suppose -p + 1568 = -3*b, -4*p + 16*b = 13*b - 6272. What is the tens digit of p?
6
Suppose 108956 = -259*s + 271*s - 56260. What is the hundreds digit of s?
7
Let s be 19/2 + (-15)/6 - 3. What is the units digit of -2 + s + (4 - 5 - -269)?
0
Let y(o) = -3*o**3 - 5*o**2 - 5*o - 2. Let c be y(-3). Let g = c + -42. Suppose -378 - 224 = -g*m. What is the units digit of m?
6
Suppose -635 + 99 = 4*r. What is the tens digit of 25 + -23 + (0 - r)?
3
Suppose 0 = -4*w + 3